, 17, 3331
List the prime factors of 4739733.
3, 526637
What are the prime factors of 2228880065?
5, 97, 241, 19069
List the prime factors of 3878106195.
3, 5, 53, 4878121
What are the prime factors of 20367400?
2, 5, 101837
List the prime factors of 14329364.
2, 7, 29, 2521
List the prime factors of 78392382.
2, 3, 463, 28219
What are the prime factors of 54829931?
13, 53, 79579
List the prime factors of 2166842237.
7, 309548891
List the prime factors of 434903241.
3, 4721, 30707
What are the prime factors of 40113812?
2, 17, 263, 2243
List the prime factors of 946884636.
2, 3, 26302351
What are the prime factors of 2321836133?
137, 16947709
List the prime factors of 112488809.
151, 744959
What are the prime factors of 393511017?
3, 43, 3050473
List the prime factors of 121924164.
2, 3, 1847, 5501
What are the prime factors of 57798155?
5, 11559631
What are the prime factors of 40827264?
2, 3, 106321
List the prime factors of 301672574.
2, 7, 2953, 7297
List the prime factors of 796612905.
3, 5, 11, 19, 84701
What are the prime factors of 1707804800?
2, 5, 13, 61, 673
List the prime factors of 44621598.
2, 3, 7, 67, 101, 157
What are the prime factors of 195911417?
13, 17, 67, 101, 131
What are the prime factors of 2056291881?
3, 7, 311, 314851
What are the prime factors of 327473832?
2, 3, 7, 31, 227, 277
What are the prime factors of 275757210?
2, 3, 5, 61, 5581
What are the prime factors of 207687783?
3, 47, 1472963
List the prime factors of 51279716.
2, 12819929
List the prime factors of 2533554735.
3, 5, 168903649
List the prime factors of 262476341.
47, 139, 40177
List the prime factors of 37916290.
2, 5, 17, 223037
List the prime factors of 805759710.
2, 3, 5, 7, 17, 79, 2857
List the prime factors of 110805665.
5, 29, 787, 971
List the prime factors of 2121967954.
2, 21617, 49081
List the prime factors of 48394066.
2, 7, 493817
What are the prime factors of 184617770?
2, 5, 29, 636613
List the prime factors of 76643952.
2, 3, 7, 11, 89, 233
List the prime factors of 338846431.
7, 11, 17, 15227
List the prime factors of 4321589.
197, 21937
List the prime factors of 235407089.
2381, 98869
What are the prime factors of 453150175?
5, 89, 203663
List the prime factors of 224419097.
7, 37, 157, 5519
List the prime factors of 573518648.
2, 19, 37, 101977
List the prime factors of 59322982.
2, 41, 723451
List the prime factors of 390727606.
2, 195363803
What are the prime factors of 26353258?
2, 13176629
List the prime factors of 49657637.
49657637
What are the prime factors of 103141385?
5, 37, 557521
List the prime factors of 76072638.
2, 3, 23, 97, 5683
What are the prime factors of 2316758651?
23, 100728637
List the prime factors of 63644255.
5, 37, 53, 6491
What are the prime factors of 1023261555?
3, 5, 179, 381103
What are the prime factors of 229740898?
2, 167, 687847
What are the prime factors of 5506723055?
5, 53, 109, 311, 613
List the prime factors of 342719878.
2, 3217, 53267
What are the prime factors of 1540745414?
2, 13, 59259439
What are the prime factors of 4879420929?
3, 11057, 49033
List the prime factors of 1791120984.
2, 3, 1063, 70207
List the prime factors of 539522605.
5, 31, 3480791
What are the prime factors of 292704484?
2, 37, 97, 20389
List the prime factors of 50574595.
5, 10114919
What are the prime factors of 635307997?
19, 41, 815543
What are the prime factors of 2202701174?
2, 347, 383, 8287
List the prime factors of 59368830.
2, 3, 5, 383, 5167
What are the prime factors of 241844549?
241844549
List the prime factors of 1171860207.
3, 7, 19, 2936993
What are the prime factors of 3950197013?
7, 564313859
List the prime factors of 58596686.
2, 23, 47, 27103
List the prime factors of 77307605.
5, 15461521
What are the prime factors of 281022918?
2, 3, 11, 37, 115079
What are the prime factors of 176338402?
2, 557, 158293
What are the prime factors of 102667909?
102667909
List the prime factors of 94720043.
11, 8610913
What are the prime factors of 113790289?
113790289
What are the prime factors of 5174382282?
2, 3, 862397047
List the prime factors of 419705388.
2, 3, 1295387
List the prime factors of 4235642119.
23, 184158353
What are the prime factors of 7049301442?
2, 281, 12543241
List the prime factors of 690068910.
2, 3, 5, 809, 28433
List the prime factors of 13592919.
3, 181, 25033
List the prime factors of 1070418358.
2, 281, 383, 4973
List the prime factors of 53229804.
2, 3, 4435817
What are the prime factors of 30828502?
2, 15414251
What are the prime factors of 4543500826?
2, 401, 5665213
What are the prime factors of 222106124?
2, 19, 23, 61, 2083
List the prime factors of 95534226.
2, 3, 23, 79, 127
What are the prime factors of 246300722?
2, 211, 583651
List the prime factors of 115560225.
3, 5, 11, 46691
What are the prime factors of 1463412427?
1463412427
List the prime factors of 3014826034.
2, 11, 137037547
List the prime factors of 80511553.
4679, 17207
List the prime factors of 153466060.
2, 5, 11, 311, 2243
What are the prime factors of 46780993?
7, 6682999
What are the prime factors of 1264899124?
2, 316224781
What are the prime factors of 405235353?
3, 167, 808853
List the prime factors of 109927116.
2, 3, 13, 31, 7577
List the prime factors of 17440808.
2, 7, 11, 23, 1231
What are the prime factors of 4106168426?
2, 23, 31, 2879501
What are the prime factors of 671950889?
467, 1438867
What are the prime factors of 406219008?
2, 3, 13, 23, 29, 61
List the prime factors of 144413226.
2, 3, 2674319
What are the prime factors of 1189898044?
2, 163, 1824997
What are the prime factors of 62815304?
2, 593, 13241
List the prime factors of 309345921.
3, 4597, 7477
What are the prime factors of 248471576?
2, 23, 37, 36497
List the prime factors of 2237479427.
29, 241, 320143
List the prime factors of 48558374.
2, 3049, 7963
What are the prime factors of 6264574137?
3, 17, 40944929
What are the prime factors of 975924392?
2, 31, 3935179
List the prime factors of 524832049.
7, 1427, 52541
What are the prime factors of 5846796?
2, 3, 43, 1259
List the prime factors of 5416600.
2, 5, 7, 53, 73
What are the prime factors of 159664850?
2, 5, 17, 23, 8167
What are the prime factors of 3393664650?
2, 3, 5, 7541477
What are the prime factors of 982057325?
5, 1907, 20599
List the prime factors of 1415397839.
1415397839
What are the prime factors of 32190056?
2, 83, 48479
List the prime factors of 47028037.
7, 67, 197, 509
List the prime factors of 24694417.
11, 131, 17137
What are the prime factors of 343688833?
343688833
What are the prime factors of 1832828800?
2, 5, 11, 52069
What are the prime factors of 348813221?
348813221
List the prime factors of 11457331.
47, 317, 769
What are the prime factors of 624890805?
3, 5, 7, 11, 89, 6079
List the prime factors of 92600978.
2, 6101, 7589
What are the prime factors of 232821214?
2, 7213, 16139
List the prime factors of 6789951183.
3, 2263317061
List the prime factors of 4795841462.
2, 17393, 137867
What are the prime factors of 56573991?
3, 1327, 1579
What are the prime factors of 246532344?
2, 3, 41, 199, 1259
List the prime factors of 95629688.
2, 7, 11, 1283
List the prime factors of 2078111888.
2, 61, 2129213
List the prime factors of 1539483995.
5, 7, 29, 1516733
What are the prime factors of 25210002?
2, 3, 179, 23473
What are the prime factors of 851946778?
2, 425973389
List the prime factors of 7599241.
13, 584557
What are the prime factors of 441458238?
2, 3, 13, 5659721
What are the prime factors of 26944198?
2, 223, 60413
List the prime factors of 28696525.
5, 11, 13, 23, 349
What are the prime factors of 73864760?
2, 5, 1846619
List the prime factors of 1266676789.
7, 463, 390829
What are the prime factors of 271116317?
167, 1623451
What are the prime factors of 10209360?
2, 3, 5, 7, 59, 103
What are the prime factors of 2693786?
2, 17, 79229
List the prime factors of 2459007122.
2, 11, 13, 173, 3823
What are the prime factors of 6092812256?
2, 190400383
What are the prime factors of 523492759?
3217, 162727
List the prime factors of 369374812.
2, 92343703
List the prime factors of 106949843.
7, 11, 13, 883
What are the prime factors of 268819558?
2, 7, 61, 314777
List the prime factors of 1516913310.
2, 3, 5, 11, 4596707
List the prime fac